s of x.
17, 103
Let z = 3211 + -2794. List the prime factors of z.
3, 139
Let j(a) = -3*a**2 + 1225*a + 8615. Let c be j(-7). Suppose -4*h + 3*h - 3*z + 150 = 0, 3*h - 3*z - 390 = 0. Let b = h + c. List the prime factors of b.
2, 7
Suppose k + 3*f - 30018 = 0, 4*f + 9 = -23. List the prime factors of k.
2, 3, 1669
Suppose 78*r = 54*r + 50904. Suppose -16*d = o - 21*d - 695, 3*d + r = 3*o. What are the prime factors of o?
2, 5, 71
List the prime factors of (6674/8)/(114/(-24) + 5).
47, 71
Suppose 61*o = 59*o + 9088. What are the prime factors of o?
2, 71
Suppose -5*a + 62 = 3*f + 10, f = 3*a + 22. Let m = f - -182. What are the prime factors of m?
3, 67
Let o(j) = 6*j + 57. Let b be o(-6). Let d = b + 185. What are the prime factors of d?
2, 103
Let m be 4/12 - (53770/6)/5. Let a = -930 - m. List the prime factors of a.
2, 431
Suppose -2*n = 4*z + 6, 3*z + 3*n + 7 = -n. Let o be z - -263 - (-13 + 16). Suppose -o = -3*c - 5*i, 3*c - 2*i + i - 247 = 0. What are the prime factors of c?
83
Suppose 0 = 4*k + 3*r - 16, 5 = -4*r - 11. Suppose -1451 = -k*w + 733. List the prime factors of w.
2, 3, 13
Let j = -33299 - -79463. What are the prime factors of j?
2, 3, 3847
Let v(u) = -2*u**3 - 42*u**2 - 47*u - 10. List the prime factors of v(-22).
2, 3, 83
Let r(c) = 69*c**3 - 11*c**2 + 20*c - 65. List the prime factors of r(5).
3, 5, 13, 43
Let t be 53710/(-85) - (-10)/(-85). List the prime factors of ((-12)/(-8))/(-1 + (-638)/t).
2, 79
Let z be 2253/(-7 - -4) + 3. Let d = z - -1215. List the prime factors of d.
467
Suppose -69 = -f + 5*b, 0 = -4*f + 4*b + 202 - 6. List the prime factors of (f/10)/((-10)/(-1525)).
11, 61
Let n be (-1)/3 - ((-54175)/(-33) - -6). List the prime factors of 15/((-30)/n) + -1 + 2.
3, 5, 11
Let m(f) be the first derivative of 7*f**3/3 + f**2/2 - 13*f + 12. Let b be m(-8). Suppose 4*h - 8*i = -4*i + 516, 3*h + 5*i = b. List the prime factors of h.
2, 67
Suppose -3*c + 4 + 11 = 0, 2*i - 1490 = -2*c. Suppose -12*g + 44 - i = 0. Let s = -32 - g. What are the prime factors of s?
2, 13
Let a(h) = 29*h - 97. Suppose 4*b + 3*t = 20, 2*b = -4*t + 2 + 8. What are the prime factors of a(b)?
2, 3
Let o(r) be the first derivative of 32*r**2 + r - 1. Suppose 21*p + 8 = 29*p. List the prime factors of o(p).
5, 13
Let b(r) = 3*r**2 + 2*r + 446. What are the prime factors of b(35)?
3, 11, 127
Suppose 5*s + 25 = -3*m, -4*s = 3*m - 2*s + 19. List the prime factors of -50*(1 - (m + (-72)/(-10))).
2, 3, 5
Let a = 5382 - 3733. List the prime factors of a.
17, 97
Let w(t) = -t**3 - 9*t**2 - 7*t + 12. Let s be w(-8). Let i(a) = -6*a - s*a - 7*a + 1 + 11*a**2 + 11*a. List the prime factors of i(-3).
2, 59
Let t(m) = 2*m**3 + m**2 - 1. Let o be t(-1). Let x(y) be the first derivative of 4*y**3/3 + 2*y**2 + 4*y + 2. List the prime factors of x(o).
2, 3
Let j(k) = 20*k + 25. Let a be j(-26). List the prime factors of -50 - a - (-4)/1.
449
Let a(k) = 0*k**2 - 5*k - k**2 + 27*k + 3. Let h be a(7). Let n = -31 + h. What are the prime factors of n?
7, 11
Let q be (4*1 + 0)*1. Let u be (-198)/(-4) - (-320)/(-128). Suppose -q*l + 5*l = u. List the prime factors of l.
47
Let q(i) = i**2 + 6*i - 12. Let m be q(-8). Suppose m*d - 5*p - 12857 = 0, 4*d - 4446 = -3*p + 8371. What are the prime factors of (5 + d/16)*2/3?
137
Let y = 79 + -77. Suppose y*x = 4, 4*l + 5*x - 70 = 2*x. Suppose 12*d - l*d = -656. List the prime factors of d.
2, 41
Let l(u) = -26*u + 95. Let i be l(-33). Suppose i = 5*d + 3*y - 594, 2*d = -5*y + 615. What are the prime factors of d?
2, 5, 31
Suppose 168*o + 35218 - 2664203 - 1021991 = 0. List the prime factors of o.
2, 3, 1811
Suppose -p + 24 = 2*p. Suppose 0 = 6*a - p*a - 200. Let n = -46 - a. List the prime factors of n.
2, 3
Let j = -6296 - -28729. List the prime factors of j.
22433
List the prime factors of (1/3 + -3)*(130/(-13) - 404).
2, 3, 23
Let w = -1148 + 1285. List the prime factors of w.
137
Let r(p) = -p**3 - 9*p**2 - p - 7. Let c be r(-9). Suppose c*n = 3*m + 482, 3*n - m = 456 + 267. Suppose n + 102 = 7*q. List the prime factors of q.
7
Let b = -110 + 130. What are the prime factors of 816 - 4/(16/b)?
811
Let a be ((-72)/60 + 14)*80/1. Let b = 1703 - a. What are the prime factors of b?
7, 97
Suppose 94*s = -113*s + 1298834 + 1116028. List the prime factors of s.
2, 19, 307
Let x(l) = 10*l**2. Let k be x(11). Let i = k - 831. Suppose 303 = 5*p - p + 3*w, -4*w + i = 5*p. What are the prime factors of p?
3, 5
Suppose 0 = 112*z - 68*z - 409376. List the prime factors of z.
2, 1163
Let k be (-130 - 31)/(2/(-34)). Suppose -k - 371 = -12*x. What are the prime factors of x?
7, 37
Let s(x) = -12*x**3 - 2*x**2 + 3*x + 5. What are the prime factors of s(-2)?
3, 29
Let i = 49 + -43. Suppose -2*v = -5*p + i, -5*v + 0*v + 6 = -2*p. Suppose -n = 3*a - 64, -n - n + 140 = p*a. List the prime factors of n.
73
Suppose 0 = 3*g + 4 + 17. List the prime factors of (6 + g)/1 + 481.
2, 3, 5
Let m be 10/2 - (-5 - -5 - 0). Suppose 3*c + 69 = m*c + 5*u, 2*c - 60 = -2*u. Suppose 0 = -2*l + 267 + c. What are the prime factors of l?
3, 7
Let y(v) = 8*v**3 - v**2 + v - 8. Let p be y(4). Let i = -120 + p. Suppose i - 48 = 4*n. List the prime factors of n.
3
What are the prime factors of (-3)/5 + 286/715 - (-196482)/10?
2, 307
Suppose 18 = n + 4*h, -n - 2*h + 3*h = -3. List the prime factors of n + (-17732)/(-11) + (-1)/1.
3, 7, 11
Let j(h) = 60*h - 186. Let t = 158 + -139. What are the prime factors of j(t)?
2, 3, 53
Suppose 7*u - 6561707 = -91*u - 143*u. List the prime factors of u.
19, 1433
Let g = 4072 - -2715. List the prime factors of g.
11, 617
Let f(w) = 77*w**2 + 19*w - 61. Let j be f(6). Let x = 4846 - j. List the prime factors of x.
43, 47
Let a be 1/(-2) + (-349)/(-2). Let c = a + -93. Let p = c + -19. List the prime factors of p.
2, 31
Let a(k) = 3*k + 1. Let y be a(1). Suppose y*n - 8*i - 2440 = -9*i, -3*i = n - 621. What are the prime factors of n?
3, 7, 29
Let q(u) = -3*u**3 - 4*u**2 - 6*u - 3. Let k be q(-1). Suppose k*t = 3*s + 1152, 4*t + 2*s = -0*s + 2272. List the prime factors of t.
2, 3, 5, 19
Suppose 97*y + 7 = 98*y. Suppose 4*f = -5*m + 1859, y*f - 452 = 6*f + 3*m. What are the prime factors of f?
461
Suppose 570 + 1224 = 39*b. Suppose -b*j + 654 = -40*j. List the prime factors of j.
109
Suppose -2*u - 6 = 0, -4*z - 3 + 35 = 4*u. Let s(c) = 34 - 4*c**2 + 3*c**2 - 51 - 7*c + 2*c**2. What are the prime factors of s(z)?
3
Let u be 3398/3 - -1 - (-26)/(-39). Let y = u + -294. List the prime factors of y.
839
Let s = 9727 + 30501. List the prime factors of s.
2, 89, 113
Let c be 1*-3 + 156/26. Suppose -c*h + 13*m = 9*m - 2533, -2*h + 1682 = -m. List the prime factors of h.
839
Suppose 21*m - 27*m = 6. What are the prime factors of (m + 7 + -4)/(3/438)?
2, 73
Suppose -34*k + 339*k = 17537805. What are the prime factors of k?
3, 6389
Let t(q) = 19 + 0 + 43*q - 5 - 4*q. What are the prime factors of t(9)?
5, 73
Let w(r) = 1 - 2*r - 31*r**2 + 0*r + 30*r**2. Let l be w(-3). What are the prime factors of (-286 + 0)/(4/l)?
11, 13
Suppose -9*x = -1175 + 266. Let r(h) = 5*h**3 - h. Let l be r(1). Suppose -d = l - x. What are the prime factors of d?
97
Let g(q) = q**3 - 10*q**2 + 20*q - 1. Let m = -109 - -117. What are the prime factors of g(m)?
31
Let g = -48 - -53. Let w be g + -2 - (210 - 0). Let y = 404 + w. What are the prime factors of y?
197
Suppose 0 = -5*v, -20*v = 3*l - 16*v - 44334. What are the prime factors of l?
2, 3, 821
Let t(j) = 44*j - 72. Let b be t(12). Let o = b + 124. List the prime factors of o.
2, 5, 29
Let c be (3/2 - 12/8) + 107. Let h = -271 + c. Let f = h - -277. What are the prime factors of f?
113
Suppose 26*n = -368 + 82. Let f(z) = 14*z - 2 + z**3 + 13*z**2 + 0*z + 1. List the prime factors of f(n).
3, 29
Let p(b) = 64*b + 34. Let y(w) = w**3 + 3*w**2 - 3*w - 2. Let m be y(-3). List the prime factors of p(m).
2, 241
Let x(d) = 40*d + 9 + 0 - 44*d - 3. Let s be x(1). What are the prime factors of s - (-1 - 1*(-388)/(-2))?
197
Suppose 678 = 74*w - 72*w - 11794. What are the prime factors of w?
2, 1559
Let b be -2 - 8*(-185)/10. Suppose 4*c + b = -3*y, -4*c = 32 - 12. Let a = 73 + y. List the prime factors of a.
31
Suppose 20 - 3 = g - 2*q, 3*g = -q + 30. Let w be 7 + (-15)/3 - 5. What are the prime factors of (w/(-2